vided by 125.
5
What is the remainder when 5264 is divided by 11?
6
Calculate the remainder when 6017 is divided by 14.
11
What is the remainder when 1363 is divided by 267?
28
Calculate the remainder when 571 is divided by 144.
139
Calculate the remainder when 1377 is divided by 42.
33
What is the remainder when 278 is divided by 56?
54
What is the remainder when 41 is divided by 7?
6
What is the remainder when 2877 is divided by 575?
2
Calculate the remainder when 867 is divided by 97.
91
What is the remainder when 591 is divided by 147?
3
What is the remainder when 529 is divided by 167?
28
What is the remainder when 348 is divided by 130?
88
What is the remainder when 2649 is divided by 17?
14
What is the remainder when 23181 is divided by 112?
109
Calculate the remainder when 72196 is divided by 73.
72
Calculate the remainder when 478 is divided by 54.
46
What is the remainder when 477 is divided by 42?
15
What is the remainder when 6434 is divided by 117?
116
Calculate the remainder when 376 is divided by 21.
19
What is the remainder when 77 is divided by 17?
9
What is the remainder when 91 is divided by 31?
29
Calculate the remainder when 3834 is divided by 14.
12
What is the remainder when 22697 is divided by 194?
193
Calculate the remainder when 6067 is divided by 5.
2
What is the remainder when 431 is divided by 62?
59
What is the remainder when 70 is divided by 20?
10
What is the remainder when 978 is divided by 7?
5
Calculate the remainder when 635 is divided by 21.
5
What is the remainder when 2445 is divided by 1216?
13
Calculate the remainder when 1223 is divided by 35.
33
Calculate the remainder when 3898 is divided by 26.
24
Calculate the remainder when 118 is divided by 6.
4
What is the remainder when 127 is divided by 43?
41
Calculate the remainder when 439 is divided by 49.
47
What is the remainder when 1124 is divided by 6?
2
Calculate the remainder when 80 is divided by 35.
10
What is the remainder when 2510 is divided by 230?
210
What is the remainder when 2819 is divided by 83?
80
What is the remainder when 197 is divided by 62?
11
Calculate the remainder when 130 is divided by 30.
10
What is the remainder when 133 is divided by 27?
25
Calculate the remainder when 301 is divided by 18.
13
Calculate the remainder when 239 is divided by 23.
9
Calculate the remainder when 491 is divided by 73.
53
Calculate the remainder when 1258 is divided by 90.
88
What is the remainder when 2169 is divided by 35?
34
What is the remainder when 21 is divided by 6?
3
What is the remainder when 43 is divided by 4?
3
Calculate the remainder when 101 is divided by 26.
23
Calculate the remainder when 1481 is divided by 64.
9
Calculate the remainder when 7337 is divided by 38.
3
What is the remainder when 148 is divided by 10?
8
What is the remainder when 214 is divided by 58?
40
What is the remainder when 251 is divided by 29?
19
What is the remainder when 394 is divided by 19?
14
Calculate the remainder when 886 is divided by 89.
85
What is the remainder when 50 is divided by 22?
6
What is the remainder when 10 is divided by 10?
0
Calculate the remainder when 58 is divided by 43.
15
Calculate the remainder when 371 is divided by 196.
175
Calculate the remainder when 34 is divided by 16.
2
What is the remainder when 324 is divided by 320?
4
What is the remainder when 294 is divided by 27?
24
What is the remainder when 238 is divided by 51?
34
Calculate the remainder when 13724 is divided by 61.
60
Calculate the remainder when 45 is divided by 30.
15
Calculate the remainder when 233 is divided by 54.
17
What is the remainder when 4884 is divided by 36?
24
What is the remainder when 17885 is divided by 271?
270
Calculate the remainder when 351 is divided by 8.
7
Calculate the remainder when 8066 is divided by 42.
2
Calculate the remainder when 73 is divided by 16.
9
What is the remainder when 87 is divided by 28?
3
Calculate the remainder when 514 is divided by 18.
10
Calculate the remainder when 13453 is divided by 66.
55
Calculate the remainder when 1675 is divided by 153.
145
Calculate the remainder when 222 is divided by 57.
51
What is the remainder when 733 is divided by 80?
13
What is the remainder when 238 is divided by 48?
46
Calculate the remainder when 338 is divided by 57.
53
What is the remainder when 402 is divided by 29?
25
What is the remainder when 3933 is divided by 11?
6
Calculate the remainder when 4726 is divided by 43.
39
Calculate the remainder when 239 is divided by 60.
59
What is the remainder when 885 is divided by 19?
11
Calculate the remainder when 77 is divided by 22.
11
Calculate the remainder when 965 is divided by 7.
6
Calculate the remainder when 328 is divided by 128.
72
What is the remainder when 1272 is divided by 106?
0
Calculate the remainder when 95 is divided by 24.
23
What is the remainder when 7581 is divided by 2523?
12
What is the remainder when 238 is divided by 85?
68
What is the remainder when 278 is divided by 19?
12
What is the remainder when 4756 is divided by 45?
31
What is the remainder when 2866 is divided by 290?
256
Calculate the remainder when 2651 is divided by 12.
11
What is the remainder when 14723 is divided by 95?
93
Calculate the remainder when 245 is divided by 13.
11
Calculate the remainder when 3337 is divided by 1101.
34
Calculate the remainder when 3940 is divided by 8.
4
Calculate the remainder when 9228 is divided by 5.
3
Calculate the remainder when 3131 is divided by 49.
44
Calculate the remainder when 102 is divided by 15.
12
Calculate the remainder when 1146 is divided by 278.
34
What is the remainder when 41037 is divided by 38?
35
What is the remainder when 140 is divided by 4?
0
What is the remainder when 105 is divided by 73?
32
What is the remainder when 62 is divided by 13?
10
What is the remainder when 164 is divided by 88?
76
Calculate the remainder when 1673 is divided by 88.
1
Calculate the remainder when 171 is divided by 82.
7
What is the remainder when 4548 is divided by 24?
12
What is the remainder when 1804 is divided by 48?
28
Calculate the remainder when 16367 is divided by 17.
13
What is the remainder when 9927 is divided by 26?
21
Calculate the remainder when 291 is divided by 7.
4
What is the remainder when 15 is divided by 12?
3
What is the remainder when 54 is divided by 15?
9
Calculate the remainder when 572 is divided by 170.
62
Calculate the remainder when 213 is divided by 3.
0
What is the remainder when 326 is divided by 6?
2
What is the remainder when 250 is divided by 65?
55
Calculate the remainder when 1192 is divided by 16.
8
Calculate the remainder when 1054 is divided by 151.
148
Calculate the remainder when 402 is divided by 5.
2
What is the remainder when 121 is divided by 15?
1
Calculate the remainder when 1524 is divided by 109.
107
What is the remainder when 638 is divided by 109?
93
What is the remainder when 460 is divided by 107?
32
Calculate the remainder when 211 is divided by 71.
69
Calculate the remainder when 623 is divided by 163.
134
Calculate the remainder when 555 is divided by 181.
12
What is the remainder when 323 is divided by 160?
3
Calculate the remainder when 91 is divided by 85.
6
Calculate the remainder when 150 is divided by 135.
15
Calculate the remainder when 2416 is divided by 344.
8
Calculate the remainder when 1979 is divided by 20.
19
Calculate the remainder when 494 is divided by 56.
46
What is the remainder when 3541 is divided by 52?
5
Calculate the remainder when 21 is divided by 12.
9
Calculate the remainder when 3499 is divided by 31.
27
What is the remainder when 697 is divided by 216?
49
What is the remainder when 653 is divided by 94?
89
Calculate the remainder when 4 is divided by 3.
1
What is the remainder when 214 is divided by 55?
49
What is the remainder when 150 is divided by 36?
6
Calculate the remainder when 156 is divided by 41.
33
Calculate the remainder when 1205 is divided by 37.
21
What is the remainder when 44 is divided by 12?
8
What is the remainder when 1361 is divided by 85?
1
What is the remainder when 834 is divided by 273?
15
What is the remainder when 384 is divided by 35?
34
What is the remainder when 2211 is divided by 54?
51
What is the remainder when 102 is divided by 21?